{"id":33,"date":"2018-04-15T18:36:34","date_gmt":"2018-04-15T18:36:34","guid":{"rendered":"http:\/\/fww-fotografie.de\/?page_id=33"},"modified":"2026-03-16T18:35:22","modified_gmt":"2026-03-16T18:35:22","slug":"unser-landsitz","status":"publish","type":"page","link":"https:\/\/fww-fotografie.de\/?page_id=33","title":{"rendered":"unser Landsitz"},"content":{"rendered":"<figure id=\"attachment_265\" aria-describedby=\"caption-attachment-265\" style=\"width: 300px\" class=\"wp-caption alignright\"><img loading=\"lazy\" decoding=\"async\" class=\"wp-image-265 size-medium\" src=\"http:\/\/fww-fotografie.de\/wp-content\/uploads\/2018\/09\/Anno-1931-300x213.jpg\" alt=\"\" width=\"300\" height=\"213\" srcset=\"https:\/\/fww-fotografie.de\/wp-content\/uploads\/2018\/09\/Anno-1931-300x213.jpg 300w, https:\/\/fww-fotografie.de\/wp-content\/uploads\/2018\/09\/Anno-1931-768x546.jpg 768w, https:\/\/fww-fotografie.de\/wp-content\/uploads\/2018\/09\/Anno-1931-1024x728.jpg 1024w, https:\/\/fww-fotografie.de\/wp-content\/uploads\/2018\/09\/Anno-1931.jpg 1368w\" sizes=\"auto, (max-width: 300px) 100vw, 300px\" \/><figcaption id=\"caption-attachment-265\" class=\"wp-caption-text\">Anno 1931<\/figcaption><\/figure>\n<figure id=\"attachment_266\" aria-describedby=\"caption-attachment-266\" style=\"width: 300px\" class=\"wp-caption alignright\"><img loading=\"lazy\" decoding=\"async\" class=\"wp-image-266 size-medium\" src=\"http:\/\/fww-fotografie.de\/wp-content\/uploads\/2018\/09\/Anno-1965-300x221.jpg\" alt=\"\" width=\"300\" height=\"221\" srcset=\"https:\/\/fww-fotografie.de\/wp-content\/uploads\/2018\/09\/Anno-1965-300x221.jpg 300w, https:\/\/fww-fotografie.de\/wp-content\/uploads\/2018\/09\/Anno-1965-768x567.jpg 768w, https:\/\/fww-fotografie.de\/wp-content\/uploads\/2018\/09\/Anno-1965-1024x756.jpg 1024w\" sizes=\"auto, (max-width: 300px) 100vw, 300px\" \/><figcaption id=\"caption-attachment-266\" class=\"wp-caption-text\">Anno 1963<\/figcaption><\/figure>\n<figure id=\"attachment_255\" aria-describedby=\"caption-attachment-255\" style=\"width: 300px\" class=\"wp-caption alignright\"><img loading=\"lazy\" decoding=\"async\" class=\"wp-image-255 size-medium\" src=\"http:\/\/fww-fotografie.de\/wp-content\/uploads\/2018\/08\/DSC2731-300x199.jpg\" alt=\"\" width=\"300\" height=\"199\" srcset=\"https:\/\/fww-fotografie.de\/wp-content\/uploads\/2018\/08\/DSC2731-300x199.jpg 300w, https:\/\/fww-fotografie.de\/wp-content\/uploads\/2018\/08\/DSC2731-768x510.jpg 768w, https:\/\/fww-fotografie.de\/wp-content\/uploads\/2018\/08\/DSC2731-1024x680.jpg 1024w\" sizes=\"auto, (max-width: 300px) 100vw, 300px\" \/><figcaption id=\"caption-attachment-255\" class=\"wp-caption-text\">Anno 2013<\/figcaption><\/figure>\n<p>Aus dem Landsitz WICKORD wurde zum 01. Oktober 2022 der Landsitz UNRUH. Ich\u00a0 w\u00fcnsche der Familie Unruh viele sch\u00f6ne Jahre\/Jahrzehnte auf dem Landsitz und m\u00f6gen Ihre Tr\u00e4ume und W\u00fcnsche in Erf\u00fcllung gehen.<\/p>\n<p>Als Pastoratskotten wurde der LANDSITZ WICKORD das erste Mal 1828 erw\u00e4hnt als der K\u00f6tter Bernhard Wilke vom Pastor zu Heessen die Erlaubnis erhielt, auf den Pastoratsl\u00e4ndereien am Lohbusch ein Wohnhaus zu errichten. In anderen nicht belegbaren Unterlagen wurde der &#8222;Kotten&#8220; 1812 erw\u00e4hnt. Als Kotten wird ein Hof bezeichnet, der als Nebenerwerb bewirtschaftet wird.<\/p>\n<p>Familie Wickord hat das Anwesen ab 1900 gepachtet und es\u00a0ging 1982 in der 4. Generation in Familieneigentum \u00fcber. Im Laufe der Jahre wurde der Kotten mehrfach umgebaut und renoviert.<\/p>\n<p>Ab Januar 2014 wurde das Geh\u00f6ft von Dorothea und mir nebst fleissigen Helfern z\u00fcgig kernsaniert, liebevoll restauriert und eingerichtet. Da wir\u00a0keine Nutzviehhaltung haben und auch kein Ackerland bestellen, haben wir den Kotten oder Hof in\u00a0 <strong>LANDSITZ<\/strong>\u00a0<strong>WICKORD <\/strong>umbenannt.<\/p>\n<p><strong>\u00a0<\/strong><\/p>\n","protected":false},"excerpt":{"rendered":"<p>Aus dem Landsitz WICKORD wurde zum 01. Oktober 2022 der Landsitz UNRUH. Ich\u00a0 w\u00fcnsche der Familie Unruh viele sch\u00f6ne Jahre\/Jahrzehnte auf dem Landsitz und m\u00f6gen Ihre Tr\u00e4ume und W\u00fcnsche in Erf\u00fcllung gehen. Als Pastoratskotten wurde der LANDSITZ WICKORD das erste Mal 1828 erw\u00e4hnt als der K\u00f6tter Bernhard Wilke vom Pastor zu Heessen die Erlaubnis erhielt, &hellip; <\/p>\n<p class=\"link-more\"><a href=\"https:\/\/fww-fotografie.de\/?page_id=33\" class=\"more-link\"><span class=\"screen-reader-text\">\u201eunser Landsitz\u201c <\/span>weiterlesen<\/a><\/p>\n","protected":false},"author":1,"featured_media":0,"parent":0,"menu_order":0,"comment_status":"closed","ping_status":"closed","template":"","meta":{"footnotes":""},"class_list":["post-33","page","type-page","status-publish","hentry"],"_links":{"self":[{"href":"https:\/\/fww-fotografie.de\/index.php?rest_route=\/wp\/v2\/pages\/33","targetHints":{"allow":["GET"]}}],"collection":[{"href":"https:\/\/fww-fotografie.de\/index.php?rest_route=\/wp\/v2\/pages"}],"about":[{"href":"https:\/\/fww-fotografie.de\/index.php?rest_route=\/wp\/v2\/types\/page"}],"author":[{"embeddable":true,"href":"https:\/\/fww-fotografie.de\/index.php?rest_route=\/wp\/v2\/users\/1"}],"replies":[{"embeddable":true,"href":"https:\/\/fww-fotografie.de\/index.php?rest_route=%2Fwp%2Fv2%2Fcomments&post=33"}],"version-history":[{"count":42,"href":"https:\/\/fww-fotografie.de\/index.php?rest_route=\/wp\/v2\/pages\/33\/revisions"}],"predecessor-version":[{"id":1687,"href":"https:\/\/fww-fotografie.de\/index.php?rest_route=\/wp\/v2\/pages\/33\/revisions\/1687"}],"wp:attachment":[{"href":"https:\/\/fww-fotografie.de\/index.php?rest_route=%2Fwp%2Fv2%2Fmedia&parent=33"}],"curies":[{"name":"wp","href":"https:\/\/api.w.org\/{rel}","templated":true}]}}

<figure id="attachment_265" aria-describedby="caption-attachment-265" style="width: 300px" class="wp-caption alignright"><img loading="lazy" decoding="async" class="wp-image-265 size-medium" src="http://fww-fotografie.de/wp-content/uploads/2018/09/Anno-1931-300x213.jpg" alt="" width="300" height="213" srcset="https://fww-fotografie.de/wp-content/uploads/2018/09/Anno-1931-300x213.jpg 300w, https://fww-fotografie.de/wp-content/uploads/2018/09/Anno-1931-768x546.jpg 768w, https://fww-fotografie.de/wp-content/uploads/2018/09/Anno-1931-1024x728.jpg 1024w, https://fww-fotografie.de/wp-content/uploads/2018/09/Anno-1931.jpg 1368w" sizes="auto, (max-width: 300px) 100vw, 300px" /><figcaption id="caption-attachment-265" class="wp-caption-text">Anno 1931</figcaption></figure>
<figure id="attachment_266" aria-describedby="caption-attachment-266" style="width: 300px" class="wp-caption alignright"><img loading="lazy" decoding="async" class="wp-image-266 size-medium" src="http://fww-fotografie.de/wp-content/uploads/2018/09/Anno-1965-300x221.jpg" alt="" width="300" height="221" srcset="https://fww-fotografie.de/wp-content/uploads/2018/09/Anno-1965-300x221.jpg 300w, https://fww-fotografie.de/wp-content/uploads/2018/09/Anno-1965-768x567.jpg 768w, https://fww-fotografie.de/wp-content/uploads/2018/09/Anno-1965-1024x756.jpg 1024w" sizes="auto, (max-width: 300px) 100vw, 300px" /><figcaption id="caption-attachment-266" class="wp-caption-text">Anno 1963</figcaption></figure>
<figure id="attachment_255" aria-describedby="caption-attachment-255" style="width: 300px" class="wp-caption alignright"><img loading="lazy" decoding="async" class="wp-image-255 size-medium" src="http://fww-fotografie.de/wp-content/uploads/2018/08/DSC2731-300x199.jpg" alt="" width="300" height="199" srcset="https://fww-fotografie.de/wp-content/uploads/2018/08/DSC2731-300x199.jpg 300w, https://fww-fotografie.de/wp-content/uploads/2018/08/DSC2731-768x510.jpg 768w, https://fww-fotografie.de/wp-content/uploads/2018/08/DSC2731-1024x680.jpg 1024w" sizes="auto, (max-width: 300px) 100vw, 300px" /><figcaption id="caption-attachment-255" class="wp-caption-text">Anno 2013</figcaption></figure>
<p>Aus dem Landsitz WICKORD wurde zum 01. Oktober 2022 der Landsitz UNRUH. Ich  wünsche der Familie Unruh viele schöne Jahre/Jahrzehnte auf dem Landsitz und mögen Ihre Träume und Wünsche in Erfüllung gehen.</p>
<p>Als Pastoratskotten wurde der LANDSITZ WICKORD das erste Mal 1828 erwähnt als der Kötter Bernhard Wilke vom Pastor zu Heessen die Erlaubnis erhielt, auf den Pastoratsländereien am Lohbusch ein Wohnhaus zu errichten. In anderen nicht belegbaren Unterlagen wurde der &#8222;Kotten&#8220; 1812 erwähnt. Als Kotten wird ein Hof bezeichnet, der als Nebenerwerb bewirtschaftet wird.</p>
<p>Familie Wickord hat das Anwesen ab 1900 gepachtet und es ging 1982 in der 4. Generation in Familieneigentum über. Im Laufe der Jahre wurde der Kotten mehrfach umgebaut und renoviert.</p>
<p>Ab Januar 2014 wurde das Gehöft von Dorothea und mir nebst fleissigen Helfern zügig kernsaniert, liebevoll restauriert und eingerichtet. Da wir keine Nutzviehhaltung haben und auch kein Ackerland bestellen, haben wir den Kotten oder Hof in  <strong>LANDSITZ</strong> <strong>WICKORD </strong>umbenannt.</p>
<p><strong> </strong></p>

<p>Aus dem Landsitz WICKORD wurde zum 01. Oktober 2022 der Landsitz UNRUH. Ich  wünsche der Familie Unruh viele schöne Jahre/Jahrzehnte auf dem Landsitz und mögen Ihre Träume und Wünsche in Erfüllung gehen. Als Pastoratskotten wurde der LANDSITZ WICKORD das erste Mal 1828 erwähnt als der Kötter Bernhard Wilke vom Pastor zu Heessen die Erlaubnis erhielt, &hellip; </p>
<p class="link-more"><a href="https://fww-fotografie.de/?page_id=33" class="more-link"><span class="screen-reader-text">„unser Landsitz“ </span>weiterlesen</a></p>
